What are the prime factors of 11908790?
2, 5, 127, 9377
List the prime factors of 75505.
5, 15101
List the prime factors of 217761.
3, 29, 2503
List the prime factors of 58745.
5, 31, 379
List the prime factors of 105083.
11, 41, 233
List the prime factors of 1592457.
3, 239, 2221
What are the prime factors of 3694160?
2, 5, 61, 757
List the prime factors of 722714.
2, 361357
List the prime factors of 3296927.
103, 32009
What are the prime factors of 2291868?
2, 3, 21221
List the prime factors of 2385036.
2, 3, 97, 683
List the prime factors of 3732713.
191, 19543
List the prime factors of 391752.
2, 3, 5441
List the prime factors of 42411.
3, 67, 211
What are the prime factors of 68106?
2, 3, 11351
List the prime factors of 4006948.
2, 11, 19, 4793
What are the prime factors of 13862320?
2, 5, 241, 719
List the prime factors of 1316611.
47, 109, 257
List the prime factors of 618876.
2, 3, 17191
List the prime factors of 90298.
2, 13, 23, 151
What are the prime factors of 16354224?
2, 3, 12619
List the prime factors of 4288537.
11, 389867
What are the prime factors of 266389?
487, 547
List the prime factors of 4102463.
1723, 2381
List the prime factors of 5911638.
2, 3, 31, 37, 859
List the prime factors of 2087327.
11, 189757
List the prime factors of 8964518.
2, 31, 144589
List the prime factors of 1254419.
587, 2137
List the prime factors of 9831693.
3, 331, 9901
List the prime factors of 249088.
2, 7, 139
What are the prime factors of 61307?
101, 607
List the prime factors of 2189950.
2, 5, 7, 6257
List the prime factors of 1760278.
2, 13, 79, 857
List the prime factors of 2985726.
2, 3, 79, 6299
What are the prime factors of 11688833?
13, 73, 109, 113
List the prime factors of 939891.
3, 313297
What are the prime factors of 6465883?
6465883
List the prime factors of 1349586.
2, 3, 7, 10711
What are the prime factors of 988219?
988219
List the prime factors of 290719.
11, 13, 19, 107
What are the prime factors of 1057181?
1057181
What are the prime factors of 163619?
131, 1249
What are the prime factors of 1983371?
13, 152567
What are the prime factors of 3565540?
2, 5, 11, 19, 853
What are the prime factors of 4730480?
2, 5, 29, 2039
What are the prime factors of 141880?
2, 5, 3547
List the prime factors of 5035893.
3, 17, 19, 5197
What are the prime factors of 3947066?
2, 61, 32353
List the prime factors of 375974.
2, 187987
What are the prime factors of 1946316?
2, 3, 241, 673
What are the prime factors of 2959980?
2, 3, 5, 49333
List the prime factors of 66587.
66587
What are the prime factors of 79897?
109, 733
List the prime factors of 950908.
2, 7, 33961
What are the prime factors of 5891828?
2, 239, 6163
List the prime factors of 921385.
5, 127, 1451
What are the prime factors of 12112604?
2, 7, 29, 2131
List the prime factors of 9167583.
3, 1277, 2393
List the prime factors of 27137936.
2, 7, 337, 719
What are the prime factors of 182188?
2, 37, 1231
What are the prime factors of 177996?
2, 3, 7, 13, 163
List the prime factors of 424721.
11, 38611
List the prime factors of 4628239.
7, 11, 60107
What are the prime factors of 724503?
3, 13, 1429
List the prime factors of 518922.
2, 3, 127, 227
What are the prime factors of 259619?
259619
What are the prime factors of 279849?
3, 93283
List the prime factors of 4533225.
3, 5, 60443
What are the prime factors of 284689?
284689
What are the prime factors of 698912?
2, 21841
What are the prime factors of 10522252?
2, 13, 17, 11903
List the prime factors of 196582.
2, 227, 433
List the prime factors of 15669119.
151, 103769
List the prime factors of 90565.
5, 59, 307
List the prime factors of 1391060.
2, 5, 11, 6323
What are the prime factors of 26305835?
5, 113, 46559
What are the prime factors of 142623?
3, 13, 23, 53
List the prime factors of 923498.
2, 103, 4483
What are the prime factors of 5642402?
2, 17, 263, 631
List the prime factors of 7897996.
2, 17, 19, 6113
What are the prime factors of 4956952?
2, 7, 11, 13, 619
What are the prime factors of 2291847?
3, 271, 2819
What are the prime factors of 17065907?
17065907
What are the prime factors of 12709130?
2, 5, 7, 37, 701
What are the prime factors of 21525658?
2, 7, 11, 97, 131
List the prime factors of 16530719.
31, 533249
List the prime factors of 217012.
2, 227, 239
What are the prime factors of 117749?
73, 1613
List the prime factors of 960863.
960863
List the prime factors of 78466.
2, 39233
List the prime factors of 246069.
3, 19, 1439
What are the prime factors of 677987?
173, 3919
What are the prime factors of 333634?
2, 7, 23831
What are the prime factors of 218218?
2, 7, 11, 13, 109
List the prime factors of 378647.
79, 4793
List the prime factors of 321290.
2, 5, 19, 89
What are the prime factors of 37064?
2, 41, 113
What are the prime factors of 210715?
5, 17, 37, 67
What are the prime factors of 6670600?
2, 5, 33353
List the prime factors of 59520.
2, 3, 5, 31
List the prime factors of 5739290.
2, 5, 573929
List the prime factors of 3624529.
3624529
List the prime factors of 11514510.
2, 3, 5, 7, 373
List the prime factors of 11188830.
2, 3, 5, 31, 53, 227
What are the prime factors of 24511586?
2, 11, 17, 65539
List the prime factors of 543115.
5, 19, 5717
List the prime factors of 11085.
3, 5, 739
What are the prime factors of 19175631?
3, 6391877
What are the prime factors of 114806?
2, 137, 419
List the prime factors of 4753453.
59, 80567
What are the prime factors of 3670978?
2, 211, 8699
List the prime factors of 347766.
2, 3, 149, 389
What are the prime factors of 19254833?
13, 61, 24281
List the prime factors of 397100.
2, 5, 11, 19
What are the prime factors of 163743?
3, 54581
List the prime factors of 10660874.
2, 7, 257, 2963
List the prime factors of 2272667.
2272667
List the prime factors of 6938664.
2, 3, 289111
What are the prime factors of 4569389?
11, 37, 103, 109
List the prime factors of 300770.
2, 5, 19, 1583
List the prime factors of 93558.
2, 3, 31, 503
List the prime factors of 3451425.
3, 5, 17, 2707
What are the prime factors of 87816?
2, 3, 3659
List the prime factors of 1100781.
3, 11, 11119
List the prime factors of 559449.
3, 11, 5651
List the prime factors of 630186.
2, 3, 105031
What are the prime factors of 2797678?
2, 13, 107603
What are the prime factors of 160732?
2, 11, 13, 281
List the prime factors of 1608050.
2, 5, 29, 1109
What are the prime factors of 2240564?
2, 113, 4957
List the prime factors of 307831.
307831
List the prime factors of 27720049.
7, 3960007
What are the prime factors of 3587682?
2, 3, 7, 12203
What are the prime factors of 17677582?
2, 13, 679907
List the prime factors of 14054747.
7, 433, 4637
List the prime factors of 4051471.
59, 68669
What are the prime factors of 902091?
3, 389, 773
What are the prime factors of 925144?
2, 11, 10513
What are the prime factors of 1934181?
3, 19, 11311
What are the prime factors of 14865402?
2, 3, 839, 2953
List the prime factors of 179572.
2, 44893
What are the prime factors of 814723?
7, 13, 1279
What are the prime factors of 4418264?
2, 552283
List the prime factors of 3774888.
2, 3, 13, 37, 109
List the prime factors of 169050.
2, 3, 5, 7, 23
List the prime factors of 15604640.
2, 5, 17, 5737
What are the prime factors of 319421?
37, 89, 97
What are the prime factors of 218014?
2, 61, 1787
What are the prime factors of 963360?
2, 3, 5, 223
What are the prime factors of 4099597?
4099597
What are the prime factors of 5252?
2, 13, 101
What are the prime factors of 820495?
5, 13, 971
What are the prime factors of 1513387?
1513387
List the prime factors of 6023001.
3, 71, 28277
What are the prime factors of 20873161?
17, 1227833
List the prime factors of 4858027.
227, 21401
List the prime factors of 14511.
3, 7, 691
List the prime factors of 8470051.
227, 37313
List the prime factors of 624288.
2, 3, 7, 929
List the prime factors of 8196194.
2, 4098097
What are the prime factors of 3616894?
2, 31, 58337
List the prime factors of 663641.
11, 60331
List the prime factors of 2413025.
5, 263, 367
What are the prime factors of 4149256?
2, 518657
What are the prime factors of 1455500?
2, 5, 41, 71
List the prime factors of 55178.
2, 47, 587
List the prime factors of 2788571.
911, 3061
What are the prime factors of 140677?